{"id":1870,"date":"2022-10-14T18:01:51","date_gmt":"2022-10-14T16:01:51","guid":{"rendered":"https:\/\/revedeloire.com\/?page_id=1870"},"modified":"2026-03-17T14:53:34","modified_gmt":"2026-03-17T13:53:34","slug":"carte-cadeau","status":"publish","type":"page","link":"https:\/\/revedeloire.com\/index.php\/carte-cadeau\/","title":{"rendered":"CARTE CADEAU"},"content":{"rendered":"\t\t<div data-elementor-type=\"wp-page\" data-elementor-id=\"1870\" class=\"elementor elementor-1870\">\n\t\t\t\t\t\t<section class=\"elementor-section elementor-top-section elementor-element elementor-element-52b7fc03 elementor-section-boxed elementor-section-height-default elementor-section-height-default\" data-id=\"52b7fc03\" data-element_type=\"section\" data-e-type=\"section\">\n\t\t\t\t\t\t<div class=\"elementor-container elementor-column-gap-default\">\n\t\t\t\t\t<div class=\"elementor-column elementor-col-100 elementor-top-column elementor-element elementor-element-7a8521e3\" data-id=\"7a8521e3\" data-element_type=\"column\" data-e-type=\"column\">\n\t\t\t<div class=\"elementor-widget-wrap elementor-element-populated\">\n\t\t\t\t\t\t<div class=\"elementor-element elementor-element-4dadf958 elementor-widget elementor-widget-heading\" data-id=\"4dadf958\" data-element_type=\"widget\" data-e-type=\"widget\" data-widget_type=\"heading.default\">\n\t\t\t\t<div class=\"elementor-widget-container\">\n\t\t\t\t\t<h2 class=\"elementor-heading-title elementor-size-default\">Offrez un bon cadeau<\/h2>\t\t\t\t<\/div>\n\t\t\t\t<\/div>\n\t\t\t\t<div class=\"elementor-element elementor-element-46c6877 elementor-widget elementor-widget-text-editor\" data-id=\"46c6877\" data-element_type=\"widget\" data-e-type=\"widget\" data-widget_type=\"text-editor.default\">\n\t\t\t\t<div class=\"elementor-widget-container\">\n\t\t\t\t\t\t\t\t\t<p><span style=\"color: #000000;\">Vous voulez faire plaisir \u00e0 l&rsquo;un de vos proches : offrez une carte cadeau permettant de s\u00e9journer une ou plusieurs nuits dans la chambre de votre choix.<\/span><\/p><p><span style=\"color: #000000;\">Vous choisissez le montant de la carte : 30\u20ac, 40\u20ac, 50\u20ac&#8230; Tout montant inf\u00e9rieur au prix d&rsquo;une chambre signifie que la personne \u00e0 qui vous offrez la carte devra compl\u00e9ter le montant de la r\u00e9servation. Sinon, vous pouvez directement choisir le montant d&rsquo;une ou plusieurs nuit\u00e9es.<\/span><\/p><p><span style=\"color: #000000;\">Me contacter par mail : contact.revedeloire@gmail.com ou par t\u00e9l\u00e9phone : 06 38 02 32 00<\/span><\/p>\t\t\t\t\t\t\t\t<\/div>\n\t\t\t\t<\/div>\n\t\t\t\t\t<\/div>\n\t\t<\/div>\n\t\t\t\t\t<\/div>\n\t\t<\/section>\n\t\t\t\t<section class=\"elementor-section elementor-top-section elementor-element elementor-element-61c379a6 elementor-section-content-middle elementor-section-boxed elementor-section-height-default elementor-section-height-default\" data-id=\"61c379a6\" data-element_type=\"section\" data-e-type=\"section\" data-settings=\"{&quot;background_background&quot;:&quot;classic&quot;}\">\n\t\t\t\t\t\t\t<div class=\"elementor-background-overlay\"><\/div>\n\t\t\t\t\t\t\t<div class=\"elementor-container elementor-column-gap-default\">\n\t\t\t\t\t<div class=\"elementor-column elementor-col-100 elementor-top-column elementor-element elementor-element-3066f28f\" data-id=\"3066f28f\" data-element_type=\"column\" data-e-type=\"column\">\n\t\t\t<div class=\"elementor-widget-wrap elementor-element-populated\">\n\t\t\t\t\t\t<div class=\"elementor-element elementor-element-48d7f3ae elementor-widget elementor-widget-spacer\" data-id=\"48d7f3ae\" data-element_type=\"widget\" data-e-type=\"widget\" data-widget_type=\"spacer.default\">\n\t\t\t\t<div class=\"elementor-widget-container\">\n\t\t\t\t\t\t\t<div class=\"elementor-spacer\">\n\t\t\t<div class=\"elementor-spacer-inner\"><\/div>\n\t\t<\/div>\n\t\t\t\t\t\t<\/div>\n\t\t\t\t<\/div>\n\t\t\t\t<div class=\"elementor-element elementor-element-566b416d elementor-arrows-position-outside elementor-widget elementor-widget-image-carousel\" data-id=\"566b416d\" data-element_type=\"widget\" data-e-type=\"widget\" data-settings=\"{&quot;slides_to_show&quot;:&quot;2&quot;,&quot;slides_to_scroll&quot;:&quot;2&quot;,&quot;navigation&quot;:&quot;arrows&quot;,&quot;autoplay&quot;:&quot;no&quot;,&quot;speed&quot;:1000,&quot;infinite&quot;:&quot;yes&quot;,&quot;image_spacing_custom&quot;:{&quot;unit&quot;:&quot;px&quot;,&quot;size&quot;:20,&quot;sizes&quot;:[]},&quot;image_spacing_custom_tablet&quot;:{&quot;unit&quot;:&quot;px&quot;,&quot;size&quot;:&quot;&quot;,&quot;sizes&quot;:[]},&quot;image_spacing_custom_mobile&quot;:{&quot;unit&quot;:&quot;px&quot;,&quot;size&quot;:&quot;&quot;,&quot;sizes&quot;:[]}}\" data-widget_type=\"image-carousel.default\">\n\t\t\t\t<div class=\"elementor-widget-container\">\n\t\t\t\t\t\t\t<div class=\"elementor-image-carousel-wrapper swiper\" role=\"region\" aria-roledescription=\"carousel\" aria-label=\"Carrousel d\u2019images\" dir=\"ltr\">\n\t\t\t<div class=\"elementor-image-carousel swiper-wrapper\" aria-live=\"polite\">\n\t\t\t\t\t\t\t\t<div class=\"swiper-slide\" role=\"group\" aria-roledescription=\"slide\" aria-label=\"1 sur 2\"><figure class=\"swiper-slide-inner\"><img decoding=\"async\" class=\"swiper-slide-image\" src=\"https:\/\/revedeloire.com\/wp-content\/uploads\/elementor\/thumbs\/Cheque-Cadeau-1-BIS-px4shda371ddfw91kdut5nsjtnvixr62i1qd5lcekk.png\" alt=\"\" \/><\/figure><\/div><div class=\"swiper-slide\" role=\"group\" aria-roledescription=\"slide\" aria-label=\"2 sur 2\"><figure class=\"swiper-slide-inner\"><img decoding=\"async\" class=\"swiper-slide-image\" src=\"https:\/\/revedeloire.com\/wp-content\/uploads\/elementor\/thumbs\/Verso-specimen-pw7iu5j0jdw43hi953g814vdvra8bpr31jn0oypcjo.jpg\" alt=\"Verso specimen\" \/><\/figure><\/div>\t\t\t<\/div>\n\t\t\t\t\t\t\t\t\t\t\t\t<div class=\"elementor-swiper-button elementor-swiper-button-prev\" role=\"button\" tabindex=\"0\">\n\t\t\t\t\t\t<i aria-hidden=\"true\" class=\"eicon-chevron-left\"><\/i>\t\t\t\t\t<\/div>\n\t\t\t\t\t<div class=\"elementor-swiper-button elementor-swiper-button-next\" role=\"button\" tabindex=\"0\">\n\t\t\t\t\t\t<i aria-hidden=\"true\" class=\"eicon-chevron-right\"><\/i>\t\t\t\t\t<\/div>\n\t\t\t\t\n\t\t\t\t\t\t\t\t\t<\/div>\n\t\t\t\t\t\t<\/div>\n\t\t\t\t<\/div>\n\t\t\t\t\t<\/div>\n\t\t<\/div>\n\t\t\t\t\t<\/div>\n\t\t<\/section>\n\t\t\t\t<\/div>\n\t\t","protected":false},"excerpt":{"rendered":"<p>Offrez un bon cadeau Vous voulez faire plaisir \u00e0 l&rsquo;un de vos proches : offrez une carte cadeau permettant de s\u00e9journer une ou plusieurs nuits dans la chambre de votre choix. Vous choisissez le montant de la carte : 30\u20ac, 40\u20ac, 50\u20ac&#8230; Tout montant inf\u00e9rieur au prix d&rsquo;une chambre signifie que la personne \u00e0 qui [&hellip;]<\/p>\n","protected":false},"author":3,"featured_media":0,"parent":0,"menu_order":0,"comment_status":"closed","ping_status":"closed","template":"","meta":{"ocean_post_layout":"","ocean_both_sidebars_style":"","ocean_both_sidebars_content_width":0,"ocean_both_sidebars_sidebars_width":0,"ocean_sidebar":"0","ocean_second_sidebar":"0","ocean_disable_margins":"enable","ocean_add_body_class":"","ocean_shortcode_before_top_bar":"","ocean_shortcode_after_top_bar":"","ocean_shortcode_before_header":"","ocean_shortcode_after_header":"","ocean_has_shortcode":"","ocean_shortcode_after_title":"","ocean_shortcode_before_footer_widgets":"","ocean_shortcode_after_footer_widgets":"","ocean_shortcode_before_footer_bottom":"","ocean_shortcode_after_footer_bottom":"","ocean_display_top_bar":"default","ocean_display_header":"default","ocean_header_style":"","ocean_center_header_left_menu":"0","ocean_custom_header_template":"0","ocean_custom_logo":0,"ocean_custom_retina_logo":0,"ocean_custom_logo_max_width":0,"ocean_custom_logo_tablet_max_width":0,"ocean_custom_logo_mobile_max_width":0,"ocean_custom_logo_max_height":0,"ocean_custom_logo_tablet_max_height":0,"ocean_custom_logo_mobile_max_height":0,"ocean_header_custom_menu":"0","ocean_menu_typo_font_family":"0","ocean_menu_typo_font_subset":"","ocean_menu_typo_font_size":0,"ocean_menu_typo_font_size_tablet":0,"ocean_menu_typo_font_size_mobile":0,"ocean_menu_typo_font_size_unit":"px","ocean_menu_typo_font_weight":"","ocean_menu_typo_font_weight_tablet":"","ocean_menu_typo_font_weight_mobile":"","ocean_menu_typo_transform":"","ocean_menu_typo_transform_tablet":"","ocean_menu_typo_transform_mobile":"","ocean_menu_typo_line_height":0,"ocean_menu_typo_line_height_tablet":0,"ocean_menu_typo_line_height_mobile":0,"ocean_menu_typo_line_height_unit":"","ocean_menu_typo_spacing":0,"ocean_menu_typo_spacing_tablet":0,"ocean_menu_typo_spacing_mobile":0,"ocean_menu_typo_spacing_unit":"","ocean_menu_link_color":"","ocean_menu_link_color_hover":"","ocean_menu_link_color_active":"","ocean_menu_link_background":"","ocean_menu_link_hover_background":"","ocean_menu_link_active_background":"","ocean_menu_social_links_bg":"","ocean_menu_social_hover_links_bg":"","ocean_menu_social_links_color":"","ocean_menu_social_hover_links_color":"","ocean_disable_title":"default","ocean_disable_heading":"default","ocean_post_title":"","ocean_post_subheading":"","ocean_post_title_style":"","ocean_post_title_background_color":"","ocean_post_title_background":0,"ocean_post_title_bg_image_position":"","ocean_post_title_bg_image_attachment":"","ocean_post_title_bg_image_repeat":"","ocean_post_title_bg_image_size":"","ocean_post_title_height":0,"ocean_post_title_bg_overlay":0.5,"ocean_post_title_bg_overlay_color":"","ocean_disable_breadcrumbs":"default","ocean_breadcrumbs_color":"","ocean_breadcrumbs_separator_color":"","ocean_breadcrumbs_links_color":"","ocean_breadcrumbs_links_hover_color":"","ocean_display_footer_widgets":"default","ocean_display_footer_bottom":"default","ocean_custom_footer_template":"0","footnotes":""},"class_list":["post-1870","page","type-page","status-publish","hentry","entry"],"yoast_head":"<!-- This site is optimized with the Yoast SEO plugin v27.4 - https:\/\/yoast.com\/product\/yoast-seo-wordpress\/ -->\n<title>CARTE CADEAU - R\u00eave de Loire - Chambres d h\u00f4tes et g\u00eete - Ch\u00e2teaux de la Loire<\/title>\n<meta name=\"description\" content=\"Offre un bon cadeau pour une chambre d&#039;h\u00f4tes et g\u00eete pr\u00e8s des ch\u00e2teaux de la Loire chez R\u00eave de Loire.\" \/>\n<meta name=\"robots\" content=\"index, follow, max-snippet:-1, max-image-preview:large, max-video-preview:-1\" \/>\n<link rel=\"canonical\" href=\"https:\/\/revedeloire.com\/index.php\/carte-cadeau\/\" \/>\n<meta property=\"og:locale\" content=\"fr_FR\" \/>\n<meta property=\"og:type\" content=\"article\" \/>\n<meta property=\"og:title\" content=\"CARTE CADEAU - R\u00eave de Loire - Chambres d h\u00f4tes et g\u00eete - Ch\u00e2teaux de la Loire\" \/>\n<meta property=\"og:description\" content=\"Offre un bon cadeau pour une chambre d&#039;h\u00f4tes et g\u00eete pr\u00e8s des ch\u00e2teaux de la Loire chez R\u00eave de Loire.\" \/>\n<meta property=\"og:url\" content=\"https:\/\/revedeloire.com\/index.php\/carte-cadeau\/\" \/>\n<meta property=\"og:site_name\" content=\"R\u00eave de Loire - Chambres d h\u00f4tes et g\u00eete - Ch\u00e2teaux de la Loire\" \/>\n<meta property=\"article:publisher\" content=\"https:\/\/www.facebook.com\/profile.php?id=100070095189293\" \/>\n<meta property=\"article:modified_time\" content=\"2026-03-17T13:53:34+00:00\" \/>\n<meta property=\"og:image\" content=\"https:\/\/revedeloire.com\/wp-content\/uploads\/elementor\/thumbs\/Cheque-Cadeau-1-BIS-px4shda371ddfw91kdut5nsjtnvixr62i1qd5lcekk.png\" \/>\n<meta name=\"twitter:card\" content=\"summary_large_image\" \/>\n<meta name=\"twitter:label1\" content=\"Dur\u00e9e de lecture estim\u00e9e\" \/>\n\t<meta name=\"twitter:data1\" content=\"2 minutes\" \/>\n<script type=\"application\/ld+json\" class=\"yoast-schema-graph\">{\"@context\":\"https:\\\/\\\/schema.org\",\"@graph\":[{\"@type\":\"WebPage\",\"@id\":\"https:\\\/\\\/revedeloire.com\\\/index.php\\\/carte-cadeau\\\/\",\"url\":\"https:\\\/\\\/revedeloire.com\\\/index.php\\\/carte-cadeau\\\/\",\"name\":\"CARTE CADEAU - R\u00eave de Loire - Chambres d h\u00f4tes et g\u00eete - Ch\u00e2teaux de la Loire\",\"isPartOf\":{\"@id\":\"https:\\\/\\\/revedeloire.com\\\/#website\"},\"primaryImageOfPage\":{\"@id\":\"https:\\\/\\\/revedeloire.com\\\/index.php\\\/carte-cadeau\\\/#primaryimage\"},\"image\":{\"@id\":\"https:\\\/\\\/revedeloire.com\\\/index.php\\\/carte-cadeau\\\/#primaryimage\"},\"thumbnailUrl\":\"https:\\\/\\\/revedeloire.com\\\/wp-content\\\/uploads\\\/elementor\\\/thumbs\\\/Cheque-Cadeau-1-BIS-px4shda371ddfw91kdut5nsjtnvixr62i1qd5lcekk.png\",\"datePublished\":\"2022-10-14T16:01:51+00:00\",\"dateModified\":\"2026-03-17T13:53:34+00:00\",\"description\":\"Offre un bon cadeau pour une chambre d'h\u00f4tes et g\u00eete pr\u00e8s des ch\u00e2teaux de la Loire chez R\u00eave de Loire.\",\"breadcrumb\":{\"@id\":\"https:\\\/\\\/revedeloire.com\\\/index.php\\\/carte-cadeau\\\/#breadcrumb\"},\"inLanguage\":\"fr-FR\",\"potentialAction\":[{\"@type\":\"ReadAction\",\"target\":[\"https:\\\/\\\/revedeloire.com\\\/index.php\\\/carte-cadeau\\\/\"]}]},{\"@type\":\"ImageObject\",\"inLanguage\":\"fr-FR\",\"@id\":\"https:\\\/\\\/revedeloire.com\\\/index.php\\\/carte-cadeau\\\/#primaryimage\",\"url\":\"https:\\\/\\\/revedeloire.com\\\/wp-content\\\/uploads\\\/elementor\\\/thumbs\\\/Cheque-Cadeau-1-BIS-px4shda371ddfw91kdut5nsjtnvixr62i1qd5lcekk.png\",\"contentUrl\":\"https:\\\/\\\/revedeloire.com\\\/wp-content\\\/uploads\\\/elementor\\\/thumbs\\\/Cheque-Cadeau-1-BIS-px4shda371ddfw91kdut5nsjtnvixr62i1qd5lcekk.png\"},{\"@type\":\"BreadcrumbList\",\"@id\":\"https:\\\/\\\/revedeloire.com\\\/index.php\\\/carte-cadeau\\\/#breadcrumb\",\"itemListElement\":[{\"@type\":\"ListItem\",\"position\":1,\"name\":\"Accueil\",\"item\":\"https:\\\/\\\/revedeloire.com\\\/\"},{\"@type\":\"ListItem\",\"position\":2,\"name\":\"CARTE CADEAU\"}]},{\"@type\":\"WebSite\",\"@id\":\"https:\\\/\\\/revedeloire.com\\\/#website\",\"url\":\"https:\\\/\\\/revedeloire.com\\\/\",\"name\":\"R\u00eave de Loire - Chambres d'h\u00f4tes et g\u00eete - Ch\u00e2teaux de la Loire\",\"description\":\"Jusqu \u00e0 15 personnes \u00e0 2h de Paris\",\"publisher\":{\"@id\":\"https:\\\/\\\/revedeloire.com\\\/#organization\"},\"potentialAction\":[{\"@type\":\"SearchAction\",\"target\":{\"@type\":\"EntryPoint\",\"urlTemplate\":\"https:\\\/\\\/revedeloire.com\\\/?s={search_term_string}\"},\"query-input\":{\"@type\":\"PropertyValueSpecification\",\"valueRequired\":true,\"valueName\":\"search_term_string\"}}],\"inLanguage\":\"fr-FR\"},{\"@type\":\"Organization\",\"@id\":\"https:\\\/\\\/revedeloire.com\\\/#organization\",\"name\":\"R\u00eave de Loire\",\"url\":\"https:\\\/\\\/revedeloire.com\\\/\",\"logo\":{\"@type\":\"ImageObject\",\"inLanguage\":\"fr-FR\",\"@id\":\"https:\\\/\\\/revedeloire.com\\\/#\\\/schema\\\/logo\\\/image\\\/\",\"url\":\"https:\\\/\\\/revedeloire.com\\\/wp-content\\\/uploads\\\/2021\\\/12\\\/logo7.png\",\"contentUrl\":\"https:\\\/\\\/revedeloire.com\\\/wp-content\\\/uploads\\\/2021\\\/12\\\/logo7.png\",\"width\":1500,\"height\":1500,\"caption\":\"R\u00eave de Loire\"},\"image\":{\"@id\":\"https:\\\/\\\/revedeloire.com\\\/#\\\/schema\\\/logo\\\/image\\\/\"},\"sameAs\":[\"https:\\\/\\\/www.facebook.com\\\/profile.php?id=100070095189293\",\"https:\\\/\\\/www.instagram.com\\\/revedeloire\\\/\"]}]}<\/script>\n<!-- \/ Yoast SEO plugin. -->","yoast_head_json":{"title":"CARTE CADEAU - R\u00eave de Loire - Chambres d h\u00f4tes et g\u00eete - Ch\u00e2teaux de la Loire","description":"Offre un bon cadeau pour une chambre d'h\u00f4tes et g\u00eete pr\u00e8s des ch\u00e2teaux de la Loire chez R\u00eave de Loire.","robots":{"index":"index","follow":"follow","max-snippet":"max-snippet:-1","max-image-preview":"max-image-preview:large","max-video-preview":"max-video-preview:-1"},"canonical":"https:\/\/revedeloire.com\/index.php\/carte-cadeau\/","og_locale":"fr_FR","og_type":"article","og_title":"CARTE CADEAU - R\u00eave de Loire - Chambres d h\u00f4tes et g\u00eete - Ch\u00e2teaux de la Loire","og_description":"Offre un bon cadeau pour une chambre d'h\u00f4tes et g\u00eete pr\u00e8s des ch\u00e2teaux de la Loire chez R\u00eave de Loire.","og_url":"https:\/\/revedeloire.com\/index.php\/carte-cadeau\/","og_site_name":"R\u00eave de Loire - Chambres d h\u00f4tes et g\u00eete - Ch\u00e2teaux de la Loire","article_publisher":"https:\/\/www.facebook.com\/profile.php?id=100070095189293","article_modified_time":"2026-03-17T13:53:34+00:00","og_image":[{"url":"https:\/\/revedeloire.com\/wp-content\/uploads\/elementor\/thumbs\/Cheque-Cadeau-1-BIS-px4shda371ddfw91kdut5nsjtnvixr62i1qd5lcekk.png","type":"","width":"","height":""}],"twitter_card":"summary_large_image","twitter_misc":{"Dur\u00e9e de lecture estim\u00e9e":"2 minutes"},"schema":{"@context":"https:\/\/schema.org","@graph":[{"@type":"WebPage","@id":"https:\/\/revedeloire.com\/index.php\/carte-cadeau\/","url":"https:\/\/revedeloire.com\/index.php\/carte-cadeau\/","name":"CARTE CADEAU - R\u00eave de Loire - Chambres d h\u00f4tes et g\u00eete - Ch\u00e2teaux de la Loire","isPartOf":{"@id":"https:\/\/revedeloire.com\/#website"},"primaryImageOfPage":{"@id":"https:\/\/revedeloire.com\/index.php\/carte-cadeau\/#primaryimage"},"image":{"@id":"https:\/\/revedeloire.com\/index.php\/carte-cadeau\/#primaryimage"},"thumbnailUrl":"https:\/\/revedeloire.com\/wp-content\/uploads\/elementor\/thumbs\/Cheque-Cadeau-1-BIS-px4shda371ddfw91kdut5nsjtnvixr62i1qd5lcekk.png","datePublished":"2022-10-14T16:01:51+00:00","dateModified":"2026-03-17T13:53:34+00:00","description":"Offre un bon cadeau pour une chambre d'h\u00f4tes et g\u00eete pr\u00e8s des ch\u00e2teaux de la Loire chez R\u00eave de Loire.","breadcrumb":{"@id":"https:\/\/revedeloire.com\/index.php\/carte-cadeau\/#breadcrumb"},"inLanguage":"fr-FR","potentialAction":[{"@type":"ReadAction","target":["https:\/\/revedeloire.com\/index.php\/carte-cadeau\/"]}]},{"@type":"ImageObject","inLanguage":"fr-FR","@id":"https:\/\/revedeloire.com\/index.php\/carte-cadeau\/#primaryimage","url":"https:\/\/revedeloire.com\/wp-content\/uploads\/elementor\/thumbs\/Cheque-Cadeau-1-BIS-px4shda371ddfw91kdut5nsjtnvixr62i1qd5lcekk.png","contentUrl":"https:\/\/revedeloire.com\/wp-content\/uploads\/elementor\/thumbs\/Cheque-Cadeau-1-BIS-px4shda371ddfw91kdut5nsjtnvixr62i1qd5lcekk.png"},{"@type":"BreadcrumbList","@id":"https:\/\/revedeloire.com\/index.php\/carte-cadeau\/#breadcrumb","itemListElement":[{"@type":"ListItem","position":1,"name":"Accueil","item":"https:\/\/revedeloire.com\/"},{"@type":"ListItem","position":2,"name":"CARTE CADEAU"}]},{"@type":"WebSite","@id":"https:\/\/revedeloire.com\/#website","url":"https:\/\/revedeloire.com\/","name":"R\u00eave de Loire - Chambres d'h\u00f4tes et g\u00eete - Ch\u00e2teaux de la Loire","description":"Jusqu \u00e0 15 personnes \u00e0 2h de Paris","publisher":{"@id":"https:\/\/revedeloire.com\/#organization"},"potentialAction":[{"@type":"SearchAction","target":{"@type":"EntryPoint","urlTemplate":"https:\/\/revedeloire.com\/?s={search_term_string}"},"query-input":{"@type":"PropertyValueSpecification","valueRequired":true,"valueName":"search_term_string"}}],"inLanguage":"fr-FR"},{"@type":"Organization","@id":"https:\/\/revedeloire.com\/#organization","name":"R\u00eave de Loire","url":"https:\/\/revedeloire.com\/","logo":{"@type":"ImageObject","inLanguage":"fr-FR","@id":"https:\/\/revedeloire.com\/#\/schema\/logo\/image\/","url":"https:\/\/revedeloire.com\/wp-content\/uploads\/2021\/12\/logo7.png","contentUrl":"https:\/\/revedeloire.com\/wp-content\/uploads\/2021\/12\/logo7.png","width":1500,"height":1500,"caption":"R\u00eave de Loire"},"image":{"@id":"https:\/\/revedeloire.com\/#\/schema\/logo\/image\/"},"sameAs":["https:\/\/www.facebook.com\/profile.php?id=100070095189293","https:\/\/www.instagram.com\/revedeloire\/"]}]}},"_links":{"self":[{"href":"https:\/\/revedeloire.com\/index.php\/wp-json\/wp\/v2\/pages\/1870","targetHints":{"allow":["GET"]}}],"collection":[{"href":"https:\/\/revedeloire.com\/index.php\/wp-json\/wp\/v2\/pages"}],"about":[{"href":"https:\/\/revedeloire.com\/index.php\/wp-json\/wp\/v2\/types\/page"}],"author":[{"embeddable":true,"href":"https:\/\/revedeloire.com\/index.php\/wp-json\/wp\/v2\/users\/3"}],"replies":[{"embeddable":true,"href":"https:\/\/revedeloire.com\/index.php\/wp-json\/wp\/v2\/comments?post=1870"}],"version-history":[{"count":39,"href":"https:\/\/revedeloire.com\/index.php\/wp-json\/wp\/v2\/pages\/1870\/revisions"}],"predecessor-version":[{"id":4580,"href":"https:\/\/revedeloire.com\/index.php\/wp-json\/wp\/v2\/pages\/1870\/revisions\/4580"}],"wp:attachment":[{"href":"https:\/\/revedeloire.com\/index.php\/wp-json\/wp\/v2\/media?parent=1870"}],"curies":[{"name":"wp","href":"https:\/\/api.w.org\/{rel}","templated":true}]}}